d derivative of -1/60*g**s + 3/8*g**4 + 0*g + 0 - 4/3*g**3 - 29*g**2. Calculate k(9).
-8
Let j(s) = -s - 11. Let u = 53 - 50. Suppose u*t = 13*t - 20. Suppose -t*o = 4*v + 18, 3*o - 9 = -0. What is j(v)?
-5
Let j(l) = l**2 - 4*l + 3. Suppose -t + 759 + 730 = 4*f, -3*t + 1110 = 3*f. Let o = f + -371. What is j(o)?
-1
Let y(v) = v**2 + 5*v - 1. Let l(w) = -9*w**2 + 30*w + 12. Let a(r) = -2*l(r) - 10*y(r). Determine a(14).
14
Suppose -3*q - 3*t = -147, -3*q + 2*t + 34 = -123. Let s(l) = 54 - 5*l - l**2 - 2*l - q. Let f(b) = -b**3 + 11*b**2 + 23*b + 32. Let j be f(13). Calculate s(j).
3
Let r(x) be the first derivative of -2*x**3/3 + 7*x**2/2 + 3686. What is r(7)?
-49
Let r(l) = -2*l**3 - 2*l - 1. Let f be r(-1). Let u be 10 - 8 - 0/(-2). Suppose 17 = 3*d + 4*k - u*k, -f*k + 3 = 0. Let a(t) = -t + 7. Determine a(d).
2
Suppose 0 = 5*v - 3*f - 29, -2*v + 11 = f + 6. Let m(s) = 14*s - 29. Determine m(v).
27
Let x(k) = 3*k - 2. Let l be 6 - (5 - 2) - (0 + 1). Suppose -4*o + l*a = -18, -3 = -4*a + 9. Let r(u) = 8*u - 5. Let i(j) = o*r(j) - 17*x(j). Determine i(-3).
13
Let y(u) = -2*u**2 - 6*u + 4. Let k(x) = -x**2 - x + 1. Let h(o) = -3*o**2 - 2*o + 2. Let z(v) = -h(v) + 6*k(v). Let t(w) = 4*y(w) - 3*z(w). What is t(13)?
17
Let k(d) = d**3 - 18*d**2 - 41*d + 21. Suppose -2*m - 2*y = -54, 3*m - 32 = -y + 35. Give k(m).
1
Suppose -3*p + 4*p = 5, 5*v - 3*p + 4975 = 0. Let o be (-12)/(-78) + v/26. Let x = -32 - o. Let h(l) = l + 5. Determine h(x).
11
Let x(u) = -207 - 7*u + 2*u**2 + 0*u**2 - u**3 + 241. Calculate x(3).
4
Let f(l) = 14*l - 1. Suppose -a - 129 = -0*a - 2*i, -5*i = 5*a + 645. Let o be (-3)/2*86/a. What is f(o)?
13
Let o = 0 + 1. Let d(h) = -23*h**3 + 3*h**2 + 2*h - 1. Let n(t) = -68*t**3 + 10*t**2 + 6*t - 3. Let a(g) = -13*d(g) + 4*n(g). Calculate a(o).
27
Let l(b) = -b**3 + 8*b**2 - 6*b - 6. Let i = -120 + 117. Let m be (-7)/(21/45)*2/i. Let h be 2/m - (-340)/50. Calculate l(h).
1
Let n(w) = 0 + 4 + w + 0 + w. Suppose 30 = 14*d - 19*d. Determine n(d).
-8
Let k(x) = -x**2 - 12*x + 9. Let z be (1 - 0)*0/(1 - 0). Let d be k(z). Let n(r) = -r + 7. Determine n(d).
-2
Let a(j) = -2*j**3 + 36*j**2 + 2*j - 29. Let p be a(18). Let k(g) be the first derivative of -g**3/3 + 7*g**2/2 + 10*g + 24. Calculate k(p).
10
Let d(l) = -l**2 + 61*l - 144. Let j(m) = 8*m + 1. Let r(i) = d(i) - 12*j(i). Give r(-30).
-6
Suppose -5*h - d + 69 = 0, -3*h - 622*d + 627*d + 19 = 0. Let l(o) = -o**2 + 11*o - 31. Give l(h).
-57
Let r(v) = -v**2 - 4*v + 15. Let t(g) = -g**2 - 28*g - 157. Let o be t(-20). Give r(o).
-6
Let x(i) = 1116*i**3 + i**2 + 12*i + 28. Let s(u) = 83*u**3 + u + 2. Let y(v) = 27*s(v) - 2*x(v). Let h = 1 + 0. Determine y(h).
8
Suppose 2*a + 2*b = 20, -5*b - 12 + 34 = a. Let s(u) = -u**2 + 6*u + 11. What is s(a)?
4
Let i(c) = 6*c + 2. Suppose 2*r = 5*t + 22, -5*t = -0*t - 4*r + 14. Let k(p) = 7*p. Let s(h) = t*i(h) + 5*k(h). Give s(-8).
-4
Let n(s) = -9*s - 16. Let h(g) = -16*g - 32. Let m(a) = 2*h(a) - 5*n(a). Calculate m(-9).
-101
Let w = -175 + 178. Let u(m) be the third derivative of 0*m + 7*m**2 + 7/6*m**w - 1/24*m**4 + 1/120*m**6 - 1/12*m**5 + 0. Calculate u(5).
2
Let d = 18 + -18. Suppose -h + d*h = -14. Let x(u) = 8*u**2 + u**3 - h*u - 6 + 10*u + 10*u. Give x(-7).
1
Let l(a) = -2*a**2 - 15*a - 1. Let n = -465 - -470. Let o be -7*(30/6)/n + 0. Give l(o).
6
Suppose -2 = 2*h + 10. Let g(t) = -2*t**2 - 13*t - 3. Let i be g(h). Let v(b) = -193*b + 195*b + 13*b**3 + 1 + i*b**3. Give v(-1).
-17
Let x(i) = -17*i - 35. Let l(j) = 96*j + 196. Let p(f) = 5*l(f) + 28*x(f). Let h(q) = -q - 8. Let d = 2 - 7. Let t be h(d). Give p(t).
-12
Let b be (1 + 1 + -1)/(-14*(-18)/(-1512)). Let x(m) = -m**3 - 3*m**2 + 22*m + 31. Determine x(b).
7
Let l(z) be the third derivative of z**5/30 - 13*z**4/24 + 5*z**3/3 + 42*z**2 - 11. Determine l(6).
4
Let d(g) = 194*g + 7 - 94*g - 101*g. Let x = 1206 - 1202. Calculate d(x).
3
Let z = -9658 - -9641. Let b(h) = -3*h**2 - 49*h + 41. Calculate b(z).
7
Let i(h) = 27*h - 36. Let k(y) = -12*y + 15. Let t(m) = 5*i(m) + 12*k(m). What is t(1)?
-9
Let m(q) be the second derivative of -348*q - 3/2*q**2 + 0 + 7/3*q**3. Let g be (-2)/(1 + -1 - 1). Calculate m(g).
25
Let z(k) = 57*k**2 + 15*k - 213. Let m(a) = 91*a**2 + 22*a - 321. Let n(h) = -5*m(h) + 8*z(h). Give n(-16).
-3
Let j(m) be the second derivative of m**5/5 + 4*m**4/3 + m**3/3 + 3*m**2/2 - 2*m + 57. Calculate j(-4).
-5
Let c(m) = -1. Let x(b) = 5*b + 3. Suppose 29*z - 25*z = -4. Let h(s) = z*x(s) - 5*c(s). Let l(q) = 18*q - 69. Let g be l(4). Give h(g).
-13
Let w(o) be the first derivative of -61 + 1/2*o**2 + 0*o. Let d be -4*(1 + 6/(-4)). What is w(d)?
2
Let q(t) = -t + 3. Let b(u) = -u**3 + 7*u**2 - 2*u + 24. Let f be b(6). Suppose 4*s = -s - i + 42, -4*s = -4*i - f. Give q(s).
-6
Let u(k) be the second derivative of k**7/840 - k**6/90 - k**5/40 + 5*k**4/12 + 41*k**3/2 - 73*k. Let x(w) be the second derivative of u(w). Give x(4).
-2
Let q(a) = 2*a - 2. Let m be q(0). Let u be (23/m)/(6/(-12) - -1). Let b = -23 - u. Let g(c) = -c**3 + 4. Determine g(b).
4
Suppose -5*y + 7*a - 2*a + 70 = 0, -2*y + 31 = a. Suppose -10*q + y = -15*q. Let k(s) = 6*s + 21. Let z be k(q). Let c(l) = l - 4. Give c(z).
-1
Let f(b) = -38*b + 2436. Let k be f(64). Let t(l) be the third derivative of 1/6*l**3 - 1/24*l**k - 1/30*l**5 + 0 + 4*l**2 + 0*l. Determine t(-2).
-5
Let b = -755 + 757. Let q(y) = 20*y - 2 - b - 30*y + 20*y + 6. What is q(-3)?
-28
Let s(x) = x**2 - 42*x - 188. Let f(j) = j**2 - 63*j - 273. Let p(v) = 5*f(v) - 7*s(v). Give p(-6).
5
Let z(s) = s**3 + 5*s**2 - 6*s - 10. Let j(f) = -194*f - 394. Let m be j(-2). Give z(m).
-10
Let i be (-4)/(-14)*(-2 - -9). Let z(a) be the third derivative of 5*a**4/24 - 21*a**2. What is z(i)?
10
Let v = -59 - -143. Suppose -2*u - v = -78. Let r(w) be the first derivative of -w**3/3 - 3*w**2/2 - w - 2. Determine r(u).
-1
Let t(f) = f**3 - 3*f**2 - 41*f + 10. Let q(m) = 16*m. Let o(j) = -2*q(j) - t(j). Calculate o(5).
-15
Let o = 445 - 209. Let d(s) = 2*s**2 - 238 - s**3 + o - s - 4*s**2. Give d(-2).
0
Let m = 6766 + -6764. Let b(h) = 12*h**2 + 3*h - 5. Calculate b(m).
49
Let u be ((-20)/16*-4)/(2/2). Let k(r) = 5*r - 7 - r + 9 - u*r. Let l be k(0). Let z(w) = -w**3 + 3*w**2 - 2*w + 3. Calculate z(l).
3
Let l(g) = -120*g - 2627. Let b be l(-22). Let t(q) be the second derivative of b*q - 1/2*q**2 + 4/3*q**4 + 0 - 1/3*q**3. Calculate t(-1).
17
Let o(j) be the second derivative of 1/120*j**6 + 1/3*j**4 - 7/60*j**5 + 0 - 1/6*j**3 + 21*j + 12*j**2. Let k(r) be the first derivative of o(r). What is k(6)?
11
Let u be ((-20)/(-65))/(20/130). Suppose 15 + 5 = -2*d + 2*m, u*d = -m - 14. Let g(a) = a**3 + 10*a**2 + 17*a + 10. Determine g(d).
2
Let g(m) = -23*m + 35. Let y be -5 + 416/48 - 10/6. Determine g(y).
-11
Let h(u) = u**2 + 10*u + 1. Suppose 24*l = 15*l + 36. Suppose -5*o = l*k + 60, 0 = -5*k + 2*o + 21 - 63. Determine h(k).
1
Let s(w) = -2*w**2 + 3*w - 3. Let p(k) = 6*k**2 + 3*k + 123. Let v(y) = -p(y) - 4*s(y). What is v(-5)?
14
Let j(k) = k**3 + 4*k**2 + 2*k - 1. Let q be -2 - 309/(-2)*(-280)/105. Let c = -416 - q. Calculate j(c).
3
Let l(i) be the second derivative of -i**3/6 + 6*i**2 + 12083*i. Determine l(0).
12
Let g(r) = 8*r**2 - 35*r + 30. Let s(n) = 9*n**2 - 35*n + 36. Let p(h) = 4*g(h) - 3*s(h). Determine p(6).
-18
Let m(o) = -9*o + 136. Let r = 7182 + -7166. Give m(r).
-8
Let y be (1672/(-14) - 4)*-7. Let c = y - 868. Let t(v) = -v**2 + v. Let a(u) = -5*u**2 - 2*u - 5. Let g(f) = a(f) - 4*t(f). Give g(c).
3
Let f be 14 - ((-20)/(-4) - 2). Suppose -3*p = -4*s - 11, -3*s - p - 3 + f = 0. Let h(z) be the second derivative of -z**3/6 + z**2/2 - z. What is h(s)?
0
Let j be (-2)/(-4) + 2*266/(-56). Let t(f) = 13*f + 121. Let v be t(j). Let p(m) = m**3 - 5*m**2 + 3*m + 1. Give p(v).
-3
Let y(f) = -f + 8. Let c(o) = 5*o - 259. Let a be c(-12). Let q = -319 - a. What is y(q)?
8
Let k(u) = 12*u**2 + u - 2. Suppose 4*c + 12 = 4*q, 2*q - 181 = -4*c - 157. What is k(c)?
109
Let u(z) = -z**2 + 4*z + 67. Let i be u(10). Let w(j) = j**3 - 12*j**2 + 33*j - 6. Let b be w(i). Let c(y) = y**2 + 21*y + 20. Determine c(b).
0
Suppose 3*o - 9 = -5*y - 23, 0 = -3*o + 3*y + 18. Let r(l) = -l**3 + 0*l**3 - 3*l + 12*l**o - 1 - 10*l**2 + 6*l. Calculate r(2).
5
Let d(u) b